{"id":1969,"date":"2017-09-11T19:48:51","date_gmt":"2017-09-11T19:48:51","guid":{"rendered":"http:\/\/azalee-reflexo.ch\/?page_id=1969"},"modified":"2024-09-25T20:36:28","modified_gmt":"2024-09-25T20:36:28","slug":"burger-de-legumes","status":"publish","type":"page","link":"https:\/\/azalee-therapie.ch\/dietetique\/burger-de-legumes\/","title":{"rendered":"Steack de l\u00e9gumes"},"content":{"rendered":"<p><span style=\"text-decoration: underline;\"><span style=\"color: #800080; text-decoration: underline;\">Steak de l\u00e9gumes<\/span><\/span><\/p>\n<p style=\"text-align: left;\"><em><span style=\"font-family: helvetica, arial, sans-serif; font-size: 16px; color: #666699;\">recette 2017<\/span><\/em><\/p>\n<p style=\"text-align: left;\"><span style=\"font-family: helvetica,arial,sans-serif; font-size: 16px;\">100 gr de millet cuire 15 min<br \/>\nsaler, poivrer, muscade r\u00e2p\u00e9e avec<br \/>\n30 gr de lentilles vertes tremp\u00e9es, \u00e9goutt\u00e9es<\/span><br \/>\n<span style=\"font-family: helvetica,arial,sans-serif; font-size: 16px;\"> 2 dl ml d\u2019eau en continuant de remuer<\/span><br \/>\n<span style=\"font-family: helvetica,arial,sans-serif; font-size: 16px;\">\u00a0 <\/span><\/p>\n<p><span style=\"font-family: helvetica,arial,sans-serif; font-size: 16px;\">Pr\u00e9paration :<\/span><br \/>\n<span style=\"font-family: helvetica,arial,sans-serif; font-size: 16px;\"> 150 gr betterave rouge crue, r\u00e2p\u00e9es <\/span><br \/>\n<span style=\"font-family: helvetica,arial,sans-serif; font-size: 16px;\"> 30 gr carotte orange r\u00e2p\u00e9e<\/span><br \/>\n<span style=\"font-family: helvetica,arial,sans-serif; font-size: 16px;\"> 175 gr de courgettes r\u00e2p\u00e9es<br \/>\n50 gr c\u00e9leri r\u00e2p\u00e9<\/span><br \/>\n<span style=\"font-family: helvetica,arial,sans-serif; font-size: 16px;\"> 60 gr de noix \u00e9miett\u00e9s<\/span><br \/>\n<span style=\"font-family: helvetica,arial,sans-serif; font-size: 16px;\"> 2 cs de vinaigre de cidre<\/span><br \/>\n<span style=\"font-family: helvetica,arial,sans-serif; font-size: 16px;\"> 2 cs d\u2019huile olive<\/span><br \/>\n<span style=\"font-family: helvetica,arial,sans-serif; font-size: 16px;\"> 1 \u0153uf battu<\/span><br \/>\n<span style=\"font-family: helvetica,arial,sans-serif; font-size: 16px;\"> 2 cs de f\u00e9cule de ma\u00efs<\/span><br \/>\n<span style=\"font-family: helvetica,arial,sans-serif; font-size: 16px;\"> sel, poivre<\/span><br \/>\n<span style=\"font-family: helvetica,arial,sans-serif; font-size: 16px;\"> 1 gousse d\u2019ail \u00e9cras\u00e9<\/span><\/p>\n<p style=\"text-align: left;\"><span style=\"font-family: helvetica,arial,sans-serif; font-size: 16px;\">Dans un gros saladier, verser toutes les r\u00e2p\u00e9es, l\u2019\u0153uf battu, huile<\/span><span style=\"font-family: helvetica,arial,sans-serif; font-size: 16px;\">, vinaigre, f\u00e9cule<\/span><br \/>\n<span style=\"font-family: helvetica,arial,sans-serif; font-size: 16px;\"> Bien m\u00e9langer \u00e0 la spatule, assaisonner<br \/>\n<\/span><span style=\"font-family: helvetica,arial,sans-serif; font-size: 16px;\">Laisser reposer 2 h au frais <\/span><\/p>\n<p style=\"text-align: left;\"><span style=\"font-family: helvetica,arial,sans-serif; font-size: 16px;\">Dans une po\u00eale adh\u00e9sive avec un minimum d\u2019huile d\u2019olive, <\/span><br \/>\n<span style=\"font-family: helvetica,arial,sans-serif; font-size: 16px;\"> \u00e0 l\u2019aide de cuill\u00e8re \u00e0 glace former de petits palets, \u00e9craser les l\u00e9g\u00e8rement dans la po\u00eale, dorer de chaque c\u00f4t\u00e9 pendant 3 min \u00e0 feu moyen.<\/span><\/p>\n<p style=\"text-align: left;\"><span style=\"font-family: helvetica,arial,sans-serif; font-size: 16px;\">On peut les surgeler apr\u00e8s cette cuisson.<br \/>\n<\/span><\/p>\n<p style=\"text-align: left;\"><span style=\"font-family: helvetica,arial,sans-serif; font-size: 16px;\">Servir dans un pain \u00e0 Hamburger une sauce de fromage blanc <\/span><br \/>\n<span style=\"font-family: helvetica,arial,sans-serif; font-size: 16px;\"> Recette pour environ 15 steaks<\/span><br \/>\n<img loading=\"lazy\" decoding=\"async\" class=\"aligncenter wp-image-1971 \" src=\"http:\/\/azalee-reflexo.ch\/wp-content\/uploads\/2017\/09\/2016-08-23-13.53.49-e1505159529871.jpg\" alt=\"\" width=\"274\" height=\"399\" srcset=\"https:\/\/azalee-therapie.ch\/dietetique\/wp-content\/uploads\/2017\/09\/2016-08-23-13.53.49-e1505159529871.jpg 2200w, https:\/\/azalee-therapie.ch\/dietetique\/wp-content\/uploads\/2017\/09\/2016-08-23-13.53.49-e1505159529871-206x300.jpg 206w, https:\/\/azalee-therapie.ch\/dietetique\/wp-content\/uploads\/2017\/09\/2016-08-23-13.53.49-e1505159529871-768x1120.jpg 768w, https:\/\/azalee-therapie.ch\/dietetique\/wp-content\/uploads\/2017\/09\/2016-08-23-13.53.49-e1505159529871-702x1024.jpg 702w\" sizes=\"auto, (max-width: 274px) 100vw, 274px\" \/> <img loading=\"lazy\" decoding=\"async\" class=\"aligncenter wp-image-1972\" src=\"http:\/\/azalee-reflexo.ch\/wp-content\/uploads\/2017\/09\/2016-08-23-14.17.51.jpg\" alt=\"\" width=\"442\" height=\"292\" srcset=\"https:\/\/azalee-therapie.ch\/dietetique\/wp-content\/uploads\/2017\/09\/2016-08-23-14.17.51.jpg 3573w, https:\/\/azalee-therapie.ch\/dietetique\/wp-content\/uploads\/2017\/09\/2016-08-23-14.17.51-300x198.jpg 300w, https:\/\/azalee-therapie.ch\/dietetique\/wp-content\/uploads\/2017\/09\/2016-08-23-14.17.51-768x507.jpg 768w, https:\/\/azalee-therapie.ch\/dietetique\/wp-content\/uploads\/2017\/09\/2016-08-23-14.17.51-1024x676.jpg 1024w\" sizes=\"auto, (max-width: 442px) 100vw, 442px\" \/> <img loading=\"lazy\" decoding=\"async\" class=\"aligncenter wp-image-1973\" src=\"http:\/\/azalee-reflexo.ch\/wp-content\/uploads\/2017\/09\/2016-08-23-14.41.43.jpg\" alt=\"\" width=\"414\" height=\"415\" srcset=\"https:\/\/azalee-therapie.ch\/dietetique\/wp-content\/uploads\/2017\/09\/2016-08-23-14.41.43.jpg 2224w, https:\/\/azalee-therapie.ch\/dietetique\/wp-content\/uploads\/2017\/09\/2016-08-23-14.41.43-150x150.jpg 150w, https:\/\/azalee-therapie.ch\/dietetique\/wp-content\/uploads\/2017\/09\/2016-08-23-14.41.43-300x300.jpg 300w, https:\/\/azalee-therapie.ch\/dietetique\/wp-content\/uploads\/2017\/09\/2016-08-23-14.41.43-768x769.jpg 768w, https:\/\/azalee-therapie.ch\/dietetique\/wp-content\/uploads\/2017\/09\/2016-08-23-14.41.43-1024x1024.jpg 1024w\" sizes=\"auto, (max-width: 414px) 100vw, 414px\" \/> <img loading=\"lazy\" decoding=\"async\" class=\"aligncenter wp-image-1974\" src=\"http:\/\/azalee-reflexo.ch\/wp-content\/uploads\/2017\/09\/2016-08-23-14.47.36.jpg\" alt=\"\" width=\"356\" height=\"287\" srcset=\"https:\/\/azalee-therapie.ch\/dietetique\/wp-content\/uploads\/2017\/09\/2016-08-23-14.47.36.jpg 2924w, https:\/\/azalee-therapie.ch\/dietetique\/wp-content\/uploads\/2017\/09\/2016-08-23-14.47.36-300x242.jpg 300w, https:\/\/azalee-therapie.ch\/dietetique\/wp-content\/uploads\/2017\/09\/2016-08-23-14.47.36-768x619.jpg 768w, https:\/\/azalee-therapie.ch\/dietetique\/wp-content\/uploads\/2017\/09\/2016-08-23-14.47.36-1024x826.jpg 1024w\" sizes=\"auto, (max-width: 356px) 100vw, 356px\" \/> <img loading=\"lazy\" decoding=\"async\" class=\"aligncenter wp-image-1975\" src=\"http:\/\/azalee-reflexo.ch\/wp-content\/uploads\/2017\/09\/2016-08-23-15.01.31.jpg\" alt=\"\" width=\"460\" height=\"484\" srcset=\"https:\/\/azalee-therapie.ch\/dietetique\/wp-content\/uploads\/2017\/09\/2016-08-23-15.01.31.jpg 2358w, https:\/\/azalee-therapie.ch\/dietetique\/wp-content\/uploads\/2017\/09\/2016-08-23-15.01.31-285x300.jpg 285w, https:\/\/azalee-therapie.ch\/dietetique\/wp-content\/uploads\/2017\/09\/2016-08-23-15.01.31-768x809.jpg 768w, https:\/\/azalee-therapie.ch\/dietetique\/wp-content\/uploads\/2017\/09\/2016-08-23-15.01.31-972x1024.jpg 972w\" sizes=\"auto, (max-width: 460px) 100vw, 460px\" \/><\/p>\n","protected":false},"excerpt":{"rendered":"<p>Steak de l\u00e9gumes recette 2017 100 gr de millet cuire 15 min saler, poivrer, muscade r\u00e2p\u00e9e avec 30 gr de lentilles vertes tremp\u00e9es, \u00e9goutt\u00e9es 2 dl ml d\u2019eau en continuant &hellip; <a href=\"https:\/\/azalee-therapie.ch\/dietetique\/burger-de-legumes\/\" class=\"more-link\">Continuer la lecture de <span class=\"screen-reader-text\">Steack de l\u00e9gumes<\/span><\/a><\/p>\n","protected":false},"author":2,"featured_media":0,"parent":0,"menu_order":0,"comment_status":"closed","ping_status":"closed","template":"","meta":{"footnotes":""},"class_list":["post-1969","page","type-page","status-publish","hentry"],"_links":{"self":[{"href":"https:\/\/azalee-therapie.ch\/dietetique\/wp-json\/wp\/v2\/pages\/1969","targetHints":{"allow":["GET"]}}],"collection":[{"href":"https:\/\/azalee-therapie.ch\/dietetique\/wp-json\/wp\/v2\/pages"}],"about":[{"href":"https:\/\/azalee-therapie.ch\/dietetique\/wp-json\/wp\/v2\/types\/page"}],"author":[{"embeddable":true,"href":"https:\/\/azalee-therapie.ch\/dietetique\/wp-json\/wp\/v2\/users\/2"}],"replies":[{"embeddable":true,"href":"https:\/\/azalee-therapie.ch\/dietetique\/wp-json\/wp\/v2\/comments?post=1969"}],"version-history":[{"count":9,"href":"https:\/\/azalee-therapie.ch\/dietetique\/wp-json\/wp\/v2\/pages\/1969\/revisions"}],"predecessor-version":[{"id":4279,"href":"https:\/\/azalee-therapie.ch\/dietetique\/wp-json\/wp\/v2\/pages\/1969\/revisions\/4279"}],"wp:attachment":[{"href":"https:\/\/azalee-therapie.ch\/dietetique\/wp-json\/wp\/v2\/media?parent=1969"}],"curies":[{"name":"wp","href":"https:\/\/api.w.org\/{rel}","templated":true}]}}