{"id":4098,"date":"2024-09-24T10:20:21","date_gmt":"2024-09-24T10:20:21","guid":{"rendered":"https:\/\/azalee-therapie.ch\/dietetique\/?page_id=4098"},"modified":"2025-01-13T15:50:21","modified_gmt":"2025-01-13T15:50:21","slug":"pizza-sans-gluten-lactose","status":"publish","type":"page","link":"https:\/\/azalee-therapie.ch\/dietetique\/pizza-sans-gluten-lactose\/","title":{"rendered":"Pizza sans gluten, sans lactose"},"content":{"rendered":"<p>Pizza et Salade de carotte, ses bienfaits\u00a0<\/p>\n<p style=\"text-align: left;\"><span style=\"font-family: helvetica, arial, sans-serif; font-size: 12px; color: #008080;\">Pizza\u00a0 <br \/>\n<\/span><span style=\"font-family: helvetica, arial, sans-serif; font-size: 12px; color: #800080;\">Sans gluten, sans lactose\u00a0<\/span><span style=\"font-family: helvetica, arial, sans-serif; font-size: 12px;\">Une p\u00e2te lev\u00e9e sans gluten est difficile \u00e0 obtenir, elle l\u00e8vera moins qu&rsquo;une farine blanche de bl\u00e9. Le m\u00e9lange de farine sans gluten est n\u00e9cessaire pour la confection de p\u00e2tes.\u00a0 (sarrasin, ch\u00e2taignes, riz complet, ma\u00efzena, psyllium, graines, flocons). Les diff\u00e9rentes sortes de farines am\u00e8nent structure, l\u00e9g\u00e8ret\u00e9, texture de la p\u00e2te, car il n\u2019y a pas de gluten, qui sert \u00e0 lever une p\u00e2te. Ce genre de farine absorbe plus de liquide qu&rsquo;une farine blanche. <span style=\"color: #666699;\">voir <a href=\"https:\/\/azalee-therapie.ch\/dietetique\/les-farines\/\" target=\"_blank\" rel=\"noopener\">textures<\/a>.<\/span> <\/span><\/p>\n<p style=\"text-align: left;\"><span style=\"font-family: helvetica, arial, sans-serif; font-size: 12px;\">(220 gr farine mi-blanche avec gluten) si vous d\u00e9sirez une p\u00e2te normale\u00a0<br \/>\n<\/span>Recette sans gluten<br \/>\n<span style=\"font-family: helvetica, arial, sans-serif; font-size: 12px;\">50 gr farine ma\u00efs compl\u00e8te Bona<br \/>\n50 gr farine de sarrasin<br \/>\n40 gr farine de Ch\u00e2taigne<br \/>\n70 gr farine riz complet<\/span><br \/>\n<span style=\"font-family: helvetica, arial, sans-serif; font-size: 12px;\">30 gr graines de s\u00e9sames\u00a0<\/span><br \/>\n<span style=\"font-family: helvetica, arial, sans-serif; font-size: 12px;\">20 gr graines lin<br \/>\n<\/span><span style=\"font-family: helvetica, arial, sans-serif; font-size: 12px;\">20 gr graines psyllium <\/span><br \/>\n<span style=\"font-family: helvetica, arial, sans-serif; font-size: 12px;\">20 gr flocons sarrasin<\/span><br \/>\n<span style=\"font-family: helvetica, arial, sans-serif; font-size: 12px;\">1\/2 cc sel<\/span><br \/>\n<span style=\"font-family: helvetica, arial, sans-serif; font-size: 12px;\">10 gr sucre complet de dattes\u00a0<\/span><br \/>\n<span style=\"font-family: helvetica, arial, sans-serif; font-size: 12px;\">12 gr levure fra\u00eeche avec 1 cc sucre ou\u00a0 1 cc levure sans gluten s\u00e8che<\/span><br \/>\n<span style=\"font-family: helvetica, arial, sans-serif; font-size: 12px;\">30 gr huile colza<\/span><br \/>\n<span style=\"font-family: helvetica, arial, sans-serif; font-size: 12px;\">3,5 dl eau ti\u00e8de\u00a0<br \/>\nRectifier, apr\u00e8s p\u00e9trissage, si la p\u00e2te est trop liquide ou trop dur, car elle aura de la peine \u00e0 pousser. Il est pr\u00e9f\u00e9rable qu&rsquo;elle soit plut\u00f4t liquide. La garder dans un endroit temp\u00e9r\u00e9, 3h.<\/span><br \/>\n<span style=\"font-family: helvetica, arial, sans-serif; font-size: 12px;\">P\u00e2ton de 700 gr s\u00e9par\u00e9 de 400 gr pour pain et 300 gr p\u00e2te pizza<br \/>\n<\/span><span style=\"font-family: helvetica, arial, sans-serif; font-size: 12px;\">On peut garder au frigo la p\u00e2te \u00e0 pizza dans le plat recouvert de plastic, pas herm\u00e9tique.\u00a0\u00a0<br \/>\n<\/span><span style=\"font-family: helvetica, arial, sans-serif; font-size: 12px;\">M\u00e9langer la p\u00e2te \u00e0 la spatule, s\u00e9par\u00e9 environ 100 gr pour une petite pizza. Peut se garder 5 jours, mais en surveillant et m\u00e9langeant chaque jour.<\/span><\/p>\n<p style=\"text-align: left;\"><span style=\"font-family: helvetica, arial, sans-serif; font-size: 12px;\">Garniture :<\/span><br \/>\n<span style=\"font-family: helvetica, arial, sans-serif; font-size: 12px;\">100 gr p\u00e2te lev\u00e9e<\/span><br \/>\n<span style=\"font-family: helvetica, arial, sans-serif; font-size: 12px;\">\u00c9taler la p\u00e2te \u00e0 la cuill\u00e8re, si vous ajoutez de la farine la cro\u00fbte de pizza sera tr\u00e8s dur.<\/span><br \/>\n<span style=\"font-family: helvetica, arial, sans-serif; font-size: 12px;\">2 cs Sauce tomate\u00a0<\/span><br \/>\n<span style=\"font-family: helvetica, arial, sans-serif; font-size: 12px;\">Olives, c\u00e2pres, poireau \u00e9minc\u00e9, poivron rouge, fines herbes : basilic, marjolaines, thym, 1 feuille, sauge cisel\u00e9e, menthe\u2026,<\/span><br \/>\n<span style=\"font-family: helvetica, arial, sans-serif; font-size: 12px;\">Mozzarella sans lactose<\/span><br \/>\n<span style=\"font-family: helvetica, arial, sans-serif; font-size: 12px;\">Filet HV s\u00e9same aux piments<\/span><\/p>\n<div id='gallery-1' class='gallery galleryid-4098 gallery-columns-3 gallery-size-thumbnail'><figure class='gallery-item'>\n\t\t\t<div class='gallery-icon portrait'>\n\t\t\t\t<a href='https:\/\/azalee-therapie.ch\/dietetique\/pizza-sans-gluten-lactose\/attachment\/1727172159120\/'><img loading=\"lazy\" decoding=\"async\" width=\"150\" height=\"150\" src=\"https:\/\/azalee-therapie.ch\/dietetique\/wp-content\/uploads\/2024\/09\/1727172159120-150x150.jpg\" class=\"attachment-thumbnail size-thumbnail\" alt=\"\" \/><\/a>\n\t\t\t<\/div><\/figure><figure class='gallery-item'>\n\t\t\t<div class='gallery-icon landscape'>\n\t\t\t\t<a href='https:\/\/azalee-therapie.ch\/dietetique\/pizza-sans-gluten-lactose\/attachment\/1727172158909\/'><img loading=\"lazy\" decoding=\"async\" width=\"150\" height=\"150\" src=\"https:\/\/azalee-therapie.ch\/dietetique\/wp-content\/uploads\/2024\/09\/1727172158909-150x150.jpg\" class=\"attachment-thumbnail size-thumbnail\" alt=\"\" \/><\/a>\n\t\t\t<\/div><\/figure><figure class='gallery-item'>\n\t\t\t<div class='gallery-icon portrait'>\n\t\t\t\t<a href='https:\/\/azalee-therapie.ch\/dietetique\/pizza-sans-gluten-lactose\/attachment\/1727172058807\/'><img loading=\"lazy\" decoding=\"async\" width=\"150\" height=\"150\" src=\"https:\/\/azalee-therapie.ch\/dietetique\/wp-content\/uploads\/2024\/09\/1727172058807-150x150.jpg\" class=\"attachment-thumbnail size-thumbnail\" alt=\"\" \/><\/a>\n\t\t\t<\/div><\/figure><figure class='gallery-item'>\n\t\t\t<div class='gallery-icon landscape'>\n\t\t\t\t<a href='https:\/\/azalee-therapie.ch\/dietetique\/pizza-sans-gluten-lactose\/attachment\/1727172058510\/'><img loading=\"lazy\" decoding=\"async\" width=\"150\" height=\"150\" src=\"https:\/\/azalee-therapie.ch\/dietetique\/wp-content\/uploads\/2024\/09\/1727172058510-e1727180066866-150x150.jpg\" class=\"attachment-thumbnail size-thumbnail\" alt=\"\" \/><\/a>\n\t\t\t<\/div><\/figure><figure class='gallery-item'>\n\t\t\t<div class='gallery-icon landscape'>\n\t\t\t\t<a href='https:\/\/azalee-therapie.ch\/dietetique\/pizza-sans-gluten-lactose\/20240923_192400\/'><img loading=\"lazy\" decoding=\"async\" width=\"150\" height=\"150\" src=\"https:\/\/azalee-therapie.ch\/dietetique\/wp-content\/uploads\/2024\/09\/20240923_192400-scaled-e1727294212964-150x150.jpg\" class=\"attachment-thumbnail size-thumbnail\" alt=\"\" \/><\/a>\n\t\t\t<\/div><\/figure><figure class='gallery-item'>\n\t\t\t<div class='gallery-icon portrait'>\n\t\t\t\t<a href='https:\/\/azalee-therapie.ch\/dietetique\/pizza-sans-gluten-lactose\/attachment\/1727172285299\/'><img loading=\"lazy\" decoding=\"async\" width=\"150\" height=\"150\" src=\"https:\/\/azalee-therapie.ch\/dietetique\/wp-content\/uploads\/2024\/09\/1727172285299-150x150.jpg\" class=\"attachment-thumbnail size-thumbnail\" alt=\"\" aria-describedby=\"gallery-1-4090\" \/><\/a>\n\t\t\t<\/div>\n\t\t\t\t<figcaption class='wp-caption-text gallery-caption' id='gallery-1-4090'>\n\t\t\t\tPain farine des a\u00efeux \n\t\t\t\t<\/figcaption><\/figure>\n\t\t<\/div>\n\n<p><a href=\"https:\/\/azalee-therapie.ch\/dietetique\/wp-content\/uploads\/2024\/09\/20240923_175248.heic\"><img decoding=\"async\" class=\"alignnone size-full wp-image-4102\" src=\"https:\/\/azalee-therapie.ch\/dietetique\/wp-content\/uploads\/2024\/09\/20240923_175248.heic\" alt=\"\" \/><\/a><strong><span style=\"color: #008000;\">Salade :\u00a0 bienfaits de la carotte<\/span> <\/strong><\/p>\n<p><span style=\"color: #ff0000;\"><strong>Manger des<span style=\"color: #ff6600;\"> carottes<\/span> :<\/strong><\/span><\/p>\n<p>Elle est alcalinisante, <strong>\u00e9quilibre le PH sanguin<\/strong> acidifi\u00e9 par d\u2019autres aliments comme la viande, poissons, aliments farineux : glucides. En r\u00e8gle g\u00e9n\u00e9rale, nous mangeons plus de pain, de p\u00e2tes, viennoiserie, viandes, poisson, qui acidifie notre sang, et cr\u00e9e de l&rsquo;acide urique, des douleurs de rhumatisme. <br \/>\n<span style=\"font-family: comic sans ms, sans-serif;\">Il est recommand\u00e9 pour une personne en sant\u00e9 de manger 70 gr de carotte cru par jour.\u00a0 Un fumeur devrait en manger 20\u2009% de plus.<\/span> <\/p>\n<ul>\n<li>2 g de fibres\/100 g contre 3 g\/100 gr pour le poireau et le c\u00e9leri-rave).<\/li>\n<li>bien accept\u00e9es par les intestins capricieux, pour ses pectines et cellulose.<strong><br \/>\n<\/strong><\/li>\n<li>diur\u00e9tique, en cas de rhumatismes, d&rsquo;ecz\u00e9ma, de gouttes, trop d&rsquo;acide urique,<\/li>\n<li><strong>r\u00e9gulatrice sur les fonctions intestinales<\/strong> : carottes <strong>cuites,<\/strong> intestins sensibles (diarrh\u00e9es), <br \/>\ncarottes<strong> crues<\/strong>, fibres, combat constipation,<\/li>\n<li>renforce les d\u00e9fenses naturelles de l\u2019organisme,<\/li>\n<li>stimuler la croissance des enfants,<\/li>\n<li>excellente pour la vue.<\/li>\n<li>bon pour la forme, le teint, donne effet de bonne mine, teint hal\u00e9 au naturel.<\/li>\n<li>resserre les pores, r\u00e9\u00e9quilibre les peaux grasses.<\/li>\n<li>hydrate, rend leur vitalit\u00e9 aux peaux s\u00e8ches, peaux plus ternes, fatigu\u00e9es, tonus.<\/li>\n<li>r\u00e9paratrices, assure un h\u00e2le naturel, lumineux, favorise le bronzage.<\/li>\n<li><strong>Expositions au soleil, <\/strong>br\u00fblure : en cataplasme, calme la douleur, apaise, r\u00e9g\u00e9n\u00e9ration de l\u2019\u00e9piderme,<\/li>\n<li><strong>En hiver,<\/strong> elle prot\u00e8ge la peau des ger\u00e7ures, assouplit la peau.<\/li>\n<\/ul>\n<p>Le b\u00eata-carot\u00e8ne se transforme en vitamine lors de la digestion. <br \/>\npropri\u00e9t\u00e9s <strong>antioxydantes,<\/strong> action b\u00e9n\u00e9fique pour la peau et vision de nuit. <br \/>\nLes AJR (apports journaliers recommand\u00e9s) en b\u00eata-carot\u00e8ne couvert avec 70 gr carottes crues, recommand\u00e9 pour <strong>les fumeurs.<\/strong><\/p>\n<div id='gallery-2' class='gallery galleryid-4098 gallery-columns-3 gallery-size-thumbnail'><figure class='gallery-item'>\n\t\t\t<div class='gallery-icon portrait'>\n\t\t\t\t<a href='https:\/\/azalee-therapie.ch\/dietetique\/1727173360866\/'><img loading=\"lazy\" decoding=\"async\" width=\"150\" height=\"150\" src=\"https:\/\/azalee-therapie.ch\/dietetique\/wp-content\/uploads\/2024\/09\/1727173360866-150x150.jpg\" class=\"attachment-thumbnail size-thumbnail\" alt=\"\" \/><\/a>\n\t\t\t<\/div><\/figure><figure class='gallery-item'>\n\t\t\t<div class='gallery-icon portrait'>\n\t\t\t\t<a href='https:\/\/azalee-therapie.ch\/dietetique\/1727173354696\/'><img loading=\"lazy\" decoding=\"async\" width=\"150\" height=\"150\" src=\"https:\/\/azalee-therapie.ch\/dietetique\/wp-content\/uploads\/2024\/09\/1727173354696-150x150.jpg\" class=\"attachment-thumbnail size-thumbnail\" alt=\"\" \/><\/a>\n\t\t\t<\/div><\/figure><figure class='gallery-item'>\n\t\t\t<div class='gallery-icon landscape'>\n\t\t\t\t<a href='https:\/\/azalee-therapie.ch\/dietetique\/pizza-sans-gluten-lactose\/attachment\/1727172058510\/'><img loading=\"lazy\" decoding=\"async\" width=\"150\" height=\"150\" src=\"https:\/\/azalee-therapie.ch\/dietetique\/wp-content\/uploads\/2024\/09\/1727172058510-e1727180066866-150x150.jpg\" class=\"attachment-thumbnail size-thumbnail\" alt=\"\" \/><\/a>\n\t\t\t<\/div><\/figure>\n\t\t<\/div>\n\n<p>&nbsp;<\/p>\n<p>\n30 gr lentilles corail tremp\u00e9e 1 h, cuites 15 mis, sans ajout de sel 10 min,\u00a0 <\/p>\n<p>Commencer \u00e0 cuire les lentilles, <br \/>\npr\u00e9parer la sauce : <br \/>\n1 cc miel<br \/>\n1,5 dl vinaigre pomme ou cidre <br \/>\nSel, poivre<br \/>\n20 gr graines s\u00e9sames\u00a0<br \/>\n1,20\u00a0 dl huile colza <br \/>\nAjouter les lentilles \u00e9goutt\u00e9es<br \/>\n30 gr noisette entre hach\u00e9 torr\u00e9fi\u00e9s\u00a0<br \/>\nR\u00e2p\u00e9 les carottes directement dans la pr\u00e9paration.<br \/>\n500 gr carottes<\/p>\n<p><img loading=\"lazy\" decoding=\"async\" class=\"wp-image-4085 size-medium aligncenter\" src=\"https:\/\/azalee-therapie.ch\/dietetique\/wp-content\/uploads\/2024\/09\/20240923_192400-scaled-e1727294212964-300x236.jpg\" alt=\"\" width=\"300\" height=\"236\" srcset=\"https:\/\/azalee-therapie.ch\/dietetique\/wp-content\/uploads\/2024\/09\/20240923_192400-scaled-e1727294212964-300x236.jpg 300w, https:\/\/azalee-therapie.ch\/dietetique\/wp-content\/uploads\/2024\/09\/20240923_192400-scaled-e1727294212964-1024x804.jpg 1024w, https:\/\/azalee-therapie.ch\/dietetique\/wp-content\/uploads\/2024\/09\/20240923_192400-scaled-e1727294212964-768x603.jpg 768w, https:\/\/azalee-therapie.ch\/dietetique\/wp-content\/uploads\/2024\/09\/20240923_192400-scaled-e1727294212964-1536x1207.jpg 1536w, https:\/\/azalee-therapie.ch\/dietetique\/wp-content\/uploads\/2024\/09\/20240923_192400-scaled-e1727294212964-2048x1609.jpg 2048w\" sizes=\"auto, (max-width: 300px) 100vw, 300px\" \/><\/p>\n","protected":false},"excerpt":{"rendered":"<p>Pizza et Salade de carotte, ses bienfaits\u00a0 Pizza\u00a0 Sans gluten, sans lactose\u00a0Une p\u00e2te lev\u00e9e sans gluten est difficile \u00e0 obtenir, elle l\u00e8vera moins qu&rsquo;une farine blanche de bl\u00e9. Le m\u00e9lange &hellip; <a href=\"https:\/\/azalee-therapie.ch\/dietetique\/pizza-sans-gluten-lactose\/\" class=\"more-link\">Continuer la lecture de <span class=\"screen-reader-text\">Pizza sans gluten, sans lactose<\/span><\/a><\/p>\n","protected":false},"author":5,"featured_media":0,"parent":0,"menu_order":0,"comment_status":"closed","ping_status":"closed","template":"","meta":{"footnotes":""},"class_list":["post-4098","page","type-page","status-publish","hentry"],"_links":{"self":[{"href":"https:\/\/azalee-therapie.ch\/dietetique\/wp-json\/wp\/v2\/pages\/4098","targetHints":{"allow":["GET"]}}],"collection":[{"href":"https:\/\/azalee-therapie.ch\/dietetique\/wp-json\/wp\/v2\/pages"}],"about":[{"href":"https:\/\/azalee-therapie.ch\/dietetique\/wp-json\/wp\/v2\/types\/page"}],"author":[{"embeddable":true,"href":"https:\/\/azalee-therapie.ch\/dietetique\/wp-json\/wp\/v2\/users\/5"}],"replies":[{"embeddable":true,"href":"https:\/\/azalee-therapie.ch\/dietetique\/wp-json\/wp\/v2\/comments?post=4098"}],"version-history":[{"count":20,"href":"https:\/\/azalee-therapie.ch\/dietetique\/wp-json\/wp\/v2\/pages\/4098\/revisions"}],"predecessor-version":[{"id":4418,"href":"https:\/\/azalee-therapie.ch\/dietetique\/wp-json\/wp\/v2\/pages\/4098\/revisions\/4418"}],"wp:attachment":[{"href":"https:\/\/azalee-therapie.ch\/dietetique\/wp-json\/wp\/v2\/media?parent=4098"}],"curies":[{"name":"wp","href":"https:\/\/api.w.org\/{rel}","templated":true}]}}